3706.
2, 19, 127635887
What are the prime factors of 1017701365?
5, 6841, 29753
What are the prime factors of 558211465?
5, 7, 15948899
What are the prime factors of 6091360035?
3, 5, 31, 47, 278717
List the prime factors of 53028283.
7, 11, 688679
List the prime factors of 106817801.
227, 569, 827
List the prime factors of 166464049.
166464049
What are the prime factors of 168507405?
3, 5, 11, 53, 2141
What are the prime factors of 40837959?
3, 1512517
What are the prime factors of 224214332?
2, 56053583
What are the prime factors of 43367661?
3, 4818629
What are the prime factors of 402348639?
3, 7, 11, 17, 29, 3533
What are the prime factors of 939897276?
2, 3, 367, 457, 467
What are the prime factors of 18439612?
2, 83, 55541
What are the prime factors of 141422092?
2, 7, 19, 265831
What are the prime factors of 107377938?
2, 3, 23, 433, 599
What are the prime factors of 305611360?
2, 5, 1910071
List the prime factors of 470060831.
5801, 81031
What are the prime factors of 350095970?
2, 5, 7, 59, 103, 823
What are the prime factors of 940969473?
3, 43, 53, 229, 601
List the prime factors of 97502143.
2309, 42227
List the prime factors of 2705694677.
7, 19, 23, 347, 2549
What are the prime factors of 3279029719?
7, 991, 472687
What are the prime factors of 1910528274?
2, 3, 318421379
What are the prime factors of 160989936?
2, 3, 43, 77999
List the prime factors of 211058749.
11, 43, 239, 1867
List the prime factors of 161974655.
5, 461, 70271
List the prime factors of 792903867.
3, 7, 367, 102881
List the prime factors of 628220429.
628220429
List the prime factors of 127310206.
2, 2551, 24953
List the prime factors of 7600123232.
2, 13, 37, 59, 8369
List the prime factors of 161470353.
3, 11, 4893041
What are the prime factors of 83197637?
19, 281, 15583
What are the prime factors of 39403005?
3, 5, 83, 31649
List the prime factors of 140073753.
3, 41, 53, 21487
List the prime factors of 4699945452.
2, 3, 7121, 55001
What are the prime factors of 243861325?
5, 9754453
List the prime factors of 673189652.
2, 79, 2130347
List the prime factors of 2347133950.
2, 5, 7, 67, 101, 991
List the prime factors of 918840430.
2, 5, 101, 909743
List the prime factors of 2000544020.
2, 5, 17, 83, 70891
What are the prime factors of 281193333?
3, 1999, 46889
List the prime factors of 1927545924.
2, 3, 160628827
List the prime factors of 523920474.
2, 3, 7, 11, 97, 433
List the prime factors of 28402094.
2, 7, 41, 49481
What are the prime factors of 32904819?
3, 281, 4337
What are the prime factors of 454484734?
2, 11, 20658397
List the prime factors of 299285880.
2, 3, 5, 227, 10987
What are the prime factors of 1938979221?
3, 137, 1033, 4567
List the prime factors of 18827073.
3, 232433
List the prime factors of 24075273.
3, 23, 348917
List the prime factors of 695941380.
2, 3, 5, 41, 181, 521
List the prime factors of 816918041.
1069, 764189
What are the prime factors of 1435734537?
3, 478578179
List the prime factors of 107780776.
2, 47, 286651
What are the prime factors of 21933408?
2, 3, 7, 127, 257
What are the prime factors of 21344563?
1361, 15683
List the prime factors of 5815333542.
2, 3, 4673, 207409
List the prime factors of 106188413.
106188413
What are the prime factors of 119105146?
2, 29, 37, 55501
List the prime factors of 884196950.
2, 5, 7, 13, 29, 6701
What are the prime factors of 978978021?
3, 7, 19, 257, 9547
What are the prime factors of 6968236521?
3, 3847, 603781
What are the prime factors of 2086249?
11, 89, 2131
What are the prime factors of 151507173?
3, 50502391
List the prime factors of 121731782.
2, 233, 239, 1093
List the prime factors of 5607624124.
2, 1401906031
What are the prime factors of 2356998?
2, 3, 7, 8017
What are the prime factors of 110576658?
2, 3, 18429443
List the prime factors of 7274296874.
2, 13, 279780649
What are the prime factors of 92479071?
3, 30826357
List the prime factors of 2228685406.
2, 151, 7379753
List the prime factors of 21398245.
5, 11, 113, 313
What are the prime factors of 318062182?
2, 11933, 13327
List the prime factors of 6145169299.
17, 223, 1620989
What are the prime factors of 43144798?
2, 797, 27067
What are the prime factors of 246309345?
3, 5, 17, 41, 7853
List the prime factors of 651000402.
2, 3, 13, 167, 617
What are the prime factors of 32989572?
2, 3, 7, 11, 3967
What are the prime factors of 75700622?
2, 1193, 31727
What are the prime factors of 53116129?
11, 4828739
List the prime factors of 620702212.
2, 13, 31, 12421
What are the prime factors of 1765158759?
3, 7, 13, 23, 83, 1129
What are the prime factors of 24999286?
2, 13, 961511
List the prime factors of 39469799.
39469799
List the prime factors of 780256379.
7, 111465197
List the prime factors of 799427150.
2, 5, 2897, 5519
What are the prime factors of 263317113?
3, 1567, 18671
What are the prime factors of 2475683679?
3, 7, 19, 6204721
What are the prime factors of 84155085?
3, 5, 7, 19, 43, 109
What are the prime factors of 3366702510?
2, 3, 5, 23, 29, 311, 541
What are the prime factors of 2048839738?
2, 11, 131, 710909
List the prime factors of 73791711.
3, 7, 101, 11597
List the prime factors of 146399932.
2, 7, 967, 5407
What are the prime factors of 505009480?
2, 5, 17, 29, 25609
What are the prime factors of 5255401156?
2, 41, 167, 311, 617
What are the prime factors of 156945726?
2, 3, 7, 177943
What are the prime factors of 1184267656?
2, 11, 13, 94109
List the prime factors of 1335604730.
2, 5, 133560473
What are the prime factors of 1035611136?
2, 3, 7, 5351
What are the prime factors of 4507310160?
2, 3, 5, 6260153
What are the prime factors of 471315932?
2, 9397, 12539
What are the prime factors of 870929462?
2, 13, 41, 19927
What are the prime factors of 248657297?
7, 35522471
List the prime factors of 71440210.
2, 5, 7144021
List the prime factors of 3296853371.
7, 29, 16240657
List the prime factors of 1749871437.
3, 61, 9562139
What are the prime factors of 5619644077?
5619644077
List the prime factors of 67931590.
2, 5, 101, 103, 653
List the prime factors of 604928939.
604928939
List the prime factors of 1104577288.
2, 29, 4761109
What are the prime factors of 189192728?
2, 17, 19, 211, 347
What are the prime factors of 77690143?
77690143
What are the prime factors of 194427248?
2, 41, 311, 953
What are the prime factors of 54419048?
2, 331, 20551
What are the prime factors of 741479525?
5, 29659181
List the prime factors of 728405653.
23, 31669811
What are the prime factors of 21145511?
21145511
List the prime factors of 5026494856.
2, 17, 36959521
What are the prime factors of 77575177?
77575177
List the prime factors of 62760905.
5, 23, 545747
What are the prime factors of 11231134?
2, 491, 11437
List the prime factors of 838216419.
3, 83, 1613, 2087
List the prime factors of 1327769225.
5, 71, 748039
What are the prime factors of 1329207480?
2, 3, 5, 3692243
What are the prime factors of 19943386?
2, 631, 15803
List the prime factors of 9457879.
1091, 8669
List the prime factors of 673876222.
2, 336938111
What are the prime factors of 24554056?
2, 83, 36979
What are the prime factors of 750488928?
2, 3, 7, 41, 27239
What are the prime factors of 229170719?
83, 2761093
What are the prime factors of 103797306?
2, 3, 233, 24749
What are the prime factors of 4879413572?
2, 11, 107, 94219
What are the prime factors of 275151587?
1993, 138059
List the prime factors of 190876273.
7, 27268039
What are the prime factors of 611709506?
2, 239, 1279727
List the prime factors of 117398248.
2, 11, 1334071
List the prime factors of 49670359.
29, 1712771
What are the prime factors of 5581851741?
3, 47, 109, 121063
What are the prime factors of 751564114?
2, 7, 19, 2825429
List the prime factors of 38424892.
2, 11, 873293
List the prime factors of 604656349.
11, 54968759
What are the prime factors of 107663134?
2, 53831567
What are the prime factors of 6589066929?
3, 2196355643
What are the prime factors of 42289875?
3, 5, 37591
List the prime factors of 1534178616.
2, 3, 193, 331213
What are the prime factors of 186451059?
3, 62150353
List the prime factors of 50217568.
2, 167, 9397
List the prime factors of 3597572270.
2, 5, 349, 1030823
What are the prime factors of 112955876?
2, 11, 2567179
Wha